32?
2, 3, 822139
What are the prime factors of 24543510?
2, 3, 5, 173, 4729
What are the prime factors of 25921119?
3, 7, 59, 20921
List the prime factors of 226747609.
11, 31, 664949
List the prime factors of 363778991.
2591, 140401
List the prime factors of 50030394.
2, 3, 29, 271, 1061
What are the prime factors of 81953416?
2, 23, 313, 1423
What are the prime factors of 8886954755?
5, 7, 109, 151, 15427
List the prime factors of 64547905.
5, 53, 243577
What are the prime factors of 2104141569?
3, 431, 1627333
What are the prime factors of 554127326?
2, 43, 739, 8719
List the prime factors of 12522913.
13, 963301
List the prime factors of 171608740.
2, 5, 107, 80191
List the prime factors of 3518939280.
2, 3, 5, 23, 637489
List the prime factors of 1005290541.
3, 109, 341587
List the prime factors of 956099894.
2, 478049947
List the prime factors of 366131215.
5, 67, 1092929
List the prime factors of 42000181.
3989, 10529
What are the prime factors of 31616317?
1579, 20023
What are the prime factors of 2077708305?
3, 5, 59, 2347693
What are the prime factors of 27004047?
3, 7, 23, 163
List the prime factors of 13723308.
2, 3, 103, 3701
What are the prime factors of 2039050219?
2039050219
What are the prime factors of 957976313?
7, 19550537
List the prime factors of 7229079953.
2803, 2579051
What are the prime factors of 1176575216?
2, 73535951
What are the prime factors of 310941230?
2, 5, 31094123
List the prime factors of 209147097.
3, 69715699
What are the prime factors of 100622878?
2, 67, 750917
What are the prime factors of 7873957260?
2, 3, 5, 13, 109, 30871
List the prime factors of 434259152.
2, 17, 1596541
List the prime factors of 409147518.
2, 3, 13, 103, 127, 401
What are the prime factors of 2550222?
2, 3, 141679
What are the prime factors of 79953229?
7297, 10957
List the prime factors of 2509611369.
3, 71, 11782213
List the prime factors of 302049804.
2, 3, 7, 443, 8117
What are the prime factors of 83097787?
89, 827, 1129
List the prime factors of 4112792.
2, 41, 12539
What are the prime factors of 37457757?
3, 67, 62119
What are the prime factors of 206912997?
3, 227, 101279
What are the prime factors of 120630304?
2, 103, 36599
What are the prime factors of 683643924?
2, 3, 18990109
List the prime factors of 1016145645.
3, 5, 29, 2335967
What are the prime factors of 2987285873?
11, 13, 1899101
What are the prime factors of 829598666?
2, 13, 2437, 13093
List the prime factors of 98732355.
3, 5, 1231, 5347
What are the prime factors of 26559435?
3, 5, 7, 19, 13313
What are the prime factors of 1241290243?
23, 149, 281, 1289
What are the prime factors of 211547525?
5, 7, 1208843
What are the prime factors of 773750?
2, 5, 619
What are the prime factors of 1099752730?
2, 5, 179, 614387
List the prime factors of 78810856.
2, 41, 241, 997
List the prime factors of 52331164.
2, 23, 151, 3767
What are the prime factors of 22133256?
2, 3, 31, 71, 419
List the prime factors of 54173627.
97, 558491
What are the prime factors of 170459922?
2, 3, 83, 101, 3389
What are the prime factors of 1911487043?
1911487043
What are the prime factors of 92334733?
92334733
List the prime factors of 438648452.
2, 11, 9969283
What are the prime factors of 30891821?
30891821
What are the prime factors of 56880162?
2, 3, 3160009
List the prime factors of 76113678.
2, 3, 2273, 5581
What are the prime factors of 3025839098?
2, 1512919549
What are the prime factors of 233272485?
3, 5, 347, 14939
What are the prime factors of 776903221?
776903221
List the prime factors of 57346565.
5, 11469313
What are the prime factors of 202133713?
202133713
What are the prime factors of 152508027?
3, 7, 709, 10243
List the prime factors of 426596358.
2, 3, 239, 297487
What are the prime factors of 1759466566?
2, 11, 13, 31, 18041
What are the prime factors of 119093954?
2, 7, 23, 577, 641
What are the prime factors of 1181086171?
47, 4987, 5039
What are the prime factors of 28154076?
2, 3, 31, 75683
List the prime factors of 1861989029.
1861989029
List the prime factors of 156126719.
7, 22303817
What are the prime factors of 105210997?
457, 230221
What are the prime factors of 70330014?
2, 3, 839, 4657
List the prime factors of 637615620.
2, 3, 5, 151, 23459
List the prime factors of 72522114.
2, 3, 7, 757, 2281
What are the prime factors of 55568653?
7, 41, 193619
What are the prime factors of 166495?
5, 7, 67, 71
List the prime factors of 41216263.
11, 19, 197207
What are the prime factors of 34666397?
29, 199, 6007
What are the prime factors of 181214678?
2, 29, 37, 84443
List the prime factors of 1549679458.
2, 774839729
List the prime factors of 60045555.
3, 5, 47, 53, 1607
List the prime factors of 21168367.
11, 1924397
What are the prime factors of 19754947?
2237, 8831
List the prime factors of 1699438791.
3, 383, 1479059
List the prime factors of 345872180.
2, 5, 17293609
What are the prime factors of 82114261?
107, 767423
What are the prime factors of 2121544030?
2, 5, 2647, 80149
List the prime factors of 195871443.
3, 1259, 51859
What are the prime factors of 83383019?
3607, 23117
What are the prime factors of 76462604?
2, 131, 337, 433
List the prime factors of 1183133177.
1183133177
What are the prime factors of 3403947550?
2, 5, 68078951
List the prime factors of 141341512.
2, 13, 1359053
List the prime factors of 7304437.
7, 31, 41, 821
List the prime factors of 99580777.
23, 1063, 4073
List the prime factors of 411017307.
3, 137005769
List the prime factors of 7813995330.
2, 3, 5, 260466511
What are the prime factors of 61826998?
2, 30913499
List the prime factors of 751923953.
11, 37, 1009, 1831
List the prime factors of 210739364.
2, 11, 31, 154501
List the prime factors of 3657427334.
2, 11, 1531, 108587
List the prime factors of 601454787.
3, 257, 641, 1217
List the prime factors of 442804413.
3, 107, 137, 10069
List the prime factors of 104703460.
2, 5, 1129, 4637
What are the prime factors of 470629278?
2, 3, 7, 19, 809
What are the prime factors of 44587311?
3, 17, 97, 9013
List the prime factors of 890388467.
283, 347, 9067
List the prime factors of 132456499.
7, 503, 37619
What are the prime factors of 3011295550?
2, 5, 60225911
List the prime factors of 1303726072.
2, 11, 14815069
What are the prime factors of 186184333?
23, 37, 218783
List the prime factors of 363319395.
3, 5, 29, 835217
What are the prime factors of 1397619203?
1397619203
List the prime factors of 86421369.
3, 1831, 15733
List the prime factors of 32275710.
2, 3, 5, 61, 5879
What are the prime factors of 641395?
5, 37, 3467
What are the prime factors of 1960504941?
3, 653501647
What are the prime factors of 38297230?
2, 5, 1277, 2999
What are the prime factors of 1165876546?
2, 233, 2501881
List the prime factors of 1204557327.
3, 41, 3264383
What are the prime factors of 1073115812?
2, 5623, 47711
List the prime factors of 2793786430.
2, 5, 701, 398543
List the prime factors of 310710225.
3, 5, 7, 59, 1433
List the prime factors of 103829464.
2, 12978683
List the prime factors of 40093317.
3, 11, 404983
List the prime factors of 141153691.
7, 23, 876731
List the prime factors of 181312105.
5, 13, 23, 5273
What are the prime factors of 250239385?
5, 11, 61, 74587
List the prime factors of 450728247.
3, 150242749
What are the prime factors of 3829395?
3, 5, 59, 4327
List the prime factors of 45064496.
2, 2816531
What are the prime factors of 1284687339?
3, 13, 1693, 19457
List the prime factors of 141085792.
2, 19, 232049
List the prime factors of 2263771520.
2, 5, 643, 5501
What are the prime factors of 1870367849?
7, 2213, 120739
List the prime factors of 246977128.
2, 23, 1342267
What are the prime factors of 41591683?
7, 79, 75211
List the prime factors of 893853537.
3, 19, 73, 214817
What are the prime factors of 196250602?
2, 337, 291173
List the prime factors of 895587647.
895587647
List the prime factors of 12916521.
3, 863, 1663
List the prime factors of 1568696895.
3, 5, 11619977
List the prime factors of 715465978.
2, 17, 59, 356663
What are the prime factors of 1148447982?
2, 3, 11, 17400727
What are the prime factors of 251233661?
7, 73, 491651
What are the prime factors of 328612774?
2, 7, 23472341
List the prime factors of 1708376477.
1708376477
List the 